{"id":31,"date":"2013-12-17T20:32:26","date_gmt":"2013-12-17T19:32:26","guid":{"rendered":"http:\/\/tehnokrat.si\/?page_id=31"},"modified":"2013-12-17T20:32:26","modified_gmt":"2013-12-17T19:32:26","slug":"o-spletnem-dnevniku","status":"publish","type":"page","link":"https:\/\/tehnokrat.si\/?page_id=31","title":{"rendered":"O spletnem dnevniku"},"content":{"rendered":"<p>Spletni dnevnik Tehnokrat je zlo\u017eenka iz besed tehnologija in kratos (gr\u0161ka beseda za mo\u010d). Prispevki, objavljeni na strani Tehnokrat.si v kar naj\u0161ir\u0161i meri obravnavajo vpliv sodobne tehnologije ter njene uporabni\u0161ke izku\u0161nje na posameznika in\/ali dru\u017ebo.<\/p>\n<p><i>Opomba: Za tehnokrate so sicer pogosto ozna\u010deni tudi uslu\u017ebenci dr\u017eavne ali druge nadzorne (regulatorne) slu\u017ebe, ki svoje delo opravljajo kruto in dosledno v skladu z veljavnimi pravili, \u010deprav so ta pogosto nelogi\u010dna, sama sebi namen in v praksi povsem odve\u010d. Spletni dnevnik Tehnokrat.si z njimi razen imena, seveda, nima nobene povezave.<\/i><\/p>\n","protected":false},"excerpt":{"rendered":"<p>Spletni dnevnik Tehnokrat je zlo\u017eenka iz besed tehnologija in kratos (gr\u0161ka beseda za mo\u010d). Prispevki,&#8230;<\/p>\n","protected":false},"author":1,"featured_media":0,"parent":0,"menu_order":0,"comment_status":"open","ping_status":"open","template":"","meta":{"_exactmetrics_skip_tracking":false,"_exactmetrics_sitenote_active":false,"_exactmetrics_sitenote_note":"","_exactmetrics_sitenote_category":0,"footnotes":""},"class_list":["post-31","page","type-page","status-publish","hentry"],"_links":{"self":[{"href":"https:\/\/tehnokrat.si\/index.php?rest_route=\/wp\/v2\/pages\/31","targetHints":{"allow":["GET"]}}],"collection":[{"href":"https:\/\/tehnokrat.si\/index.php?rest_route=\/wp\/v2\/pages"}],"about":[{"href":"https:\/\/tehnokrat.si\/index.php?rest_route=\/wp\/v2\/types\/page"}],"author":[{"embeddable":true,"href":"https:\/\/tehnokrat.si\/index.php?rest_route=\/wp\/v2\/users\/1"}],"replies":[{"embeddable":true,"href":"https:\/\/tehnokrat.si\/index.php?rest_route=%2Fwp%2Fv2%2Fcomments&post=31"}],"version-history":[{"count":1,"href":"https:\/\/tehnokrat.si\/index.php?rest_route=\/wp\/v2\/pages\/31\/revisions"}],"predecessor-version":[{"id":32,"href":"https:\/\/tehnokrat.si\/index.php?rest_route=\/wp\/v2\/pages\/31\/revisions\/32"}],"wp:attachment":[{"href":"https:\/\/tehnokrat.si\/index.php?rest_route=%2Fwp%2Fv2%2Fmedia&parent=31"}],"curies":[{"name":"wp","href":"https:\/\/api.w.org\/{rel}","templated":true}]}}